7 - (1 + -3 + -15 + 47).
107
What is the value of (5 - (5 - 2) - 1) + (157 - 154)?
4
Calculate (-12 + 42 - 133) + 67.
-36
Evaluate (44 - 112 - -34) + 4 + -8.
-38
What is the value of -2 + 5 - (13 + (0 - 4) + -12)?
6
Calculate 19 + 1 + -6 + -6 + (11 - (10 + -7)).
16
Evaluate 4 - -9 - (-24 + 42 + (8 - 36)).
23
What is -18 - (1 + (2 - 41) + -370 + 372)?
18
3 + (0 - 29) - (-364 - -370)
-32
What is the value of (-5 - -1) + (12114 - 12077)?
33
53 + -3 - (7 - (28 + -11) - -17)
43
(-10 - (-3 + (0 - 1) + -2)) + -14
-18
Evaluate 2 + -48 + 1 + (1 - -10) + (2 - -1).
-31
What is the value of -6 + (17 - 20) + 10 + 13 + -22?
-8
What is the value of 2 + (-2 - (-15 + 6 - (8 - (-8 + -6))))?
31
0 + 10 - (50 - ((-7 - 4) + -4))
-55
(1 - 8 - (-93 - -97)) + (19 - 5) + -1
2
-18 - (18 + -128 + 47)
45
-47 + -17 + 58 + -40
-46
-9 + (-1 - (-3 + 9 - -39)) - (-4 + 10)
-61
Calculate 115 + (-136 - -49) + 57.
85
What is 14 + 12 - 7 - ((4 - 7) + 98)?
-76
What is the value of -5 - (-47 - (12 + (0 - 9) + -3))?
42
What is the value of -29 - (21 + -34 + 12 + 18)?
-46
What is the value of -5 + 0 + (-2 - (-17 - -14)) + 28?
24
What is 922 + -924 + 4 + -5 + 8?
5
Evaluate (-8 - -100) + (-13 + 38 + -25 - (4 + 0)).
88
What is (3 - 0) + -636 + 624?
-9
20 + (19 - 37) + -17 + 19
4
What is the value of 1832 + -1975 + 116 + 4?
-23
Evaluate 0 + -12 - -1 - (7977 - 8048).
60
Evaluate (-9144 - -9145) + (1 + 0 - (2 - -64)).
-64
What is 22 + 4 - 36 - (-4 + 5 + -5 - 49)?
43
Calculate 11 - -95 - 98 - (-52 + 0).
60
Calculate (144 + -163 - -19) + 0 + 66.
66
What is 16 - (-14 + (12 + 1 - (-3 - 16 - -29)))?
27
What is the value of (-6 + 15 - -11) + (-27 - -55)?
48
180 - (168 + (-145 - -72))
85
(-4 - -7) + -1 + 42 - 20
24
(0 - 1) + 53 + (-63 - -24) + -54
-41
Evaluate 32 - ((-218 - -235) + -30 + 0 - 6).
51
What is the value of (35 + -25 - 58) + (13 - (-1 + 5))?
-39
What is -28 - ((78 - 125) + 25 + 0 + 4)?
-10
What is the value of (39 - 0) + 104 + -123 - (2 + 10)?
8
What is 15 + -20 + (8 - -13 - 8)?
8
Evaluate -32 + 37 - 2 - 28 - 12.
-37
What is the value of 6 + (-100 - (-77 - -75))?
-92
What is 130 + (350 - 482) + (-15 - (-2 + (-2 - -6)))?
-19
What is the value of -9 + (-5 + 3 - 14 - -30)?
5
Evaluate -10 + (-5 - (13 + -46) - -15).
33
13 + (10 - (92 + -42))
-27
What is 4 + 0 - (-29 + 24) - (-43 - -9)?
43
Evaluate (-108 - 6 - 5) + (-17 - -24 - -23 - 15).
-104
22 - ((-1 - -1) + (-4 - -12)) - 12
2
What is 2 + 23 + (-53 - (22 - 106))?
56
153 + (-1507 + 1437 - (-1 + -31))
115
Evaluate 2 + (-25 + 47 - (18 - -16)).
-10
-26 + 30 + -7 + -28 + 25
-6
What is the value of 0 + -3 + -3 + 8 - (-33 + -8)?
43
What is the value of 8 + -1 - (-6 + -18 + -4 - -147) - -6?
-106
Calculate -103 - (-52 + 27 + -32).
-46
What is 31 + (19 - (-57 + 37 - -25))?
45
Evaluate -55 + -4 - (0 - (2 - 15) - (513 - 505)).
-64
What is 135 + 44 + (-17 - -35) + -37 + -28?
132
4 + -16 + 5 + -29
-36
Calculate 1165 + -1063 + 2 + -38 + 1.
67
What is the value of (72 - (-169 + 138)) + 8?
111
What is -4 - (-3 + (65 - 7) + (-2 - (12 - 8)))?
-53
-8 - (0 + -8 - (22 + 11 + 14))
47
What is -32 - (8 + (-9 - (-3 + (-3 - 7) + 10)))?
-34
What is the value of -54 + 0 + 4 + (-789 - -799)?
-40
What is (52 - ((1 - 1) + -2)) + (-135 - (-44 + -89))?
52
Calculate (-3 - (18 - -21)) + (-11 - -3) + 4.
-46
What is the value of 10 + (15 - 10) - (-10 - (12 - 30))?
7
-22 + -2 - ((-32 + 29 - -35) + -42)
-14
Calculate (-2 - ((5 - (-13 - (-14 + 7))) + -11)) + -10.
-12
What is -5 - (53 + 7 + (-3 - (-6 + 12)) - -4)?
-60
Evaluate (-34 - 0 - (-15 - -23)) + (118 - 111).
-35
What is 42 + (9 - (12 - (5 - -2)))?
46
What is (-40 - -91) + 6 + -35 - (127 + -1)?
-104
What is the value of -438 + 440 + (2 - 12 - -2) - -12?
6
What is the value of (-8 - -25) + (412 - 331)?
98
What is 773 + -744 + 2 + (2 - 1) + -1 + 5?
36
What is 1 + (0 + -15 - (0 - 9)) - -9?
4
What is (-1 - (3 + -16 + -1)) + 19 + -49 + 40?
23
What is (-11 + -6 - -20 - 38) + 26?
-9
What is the value of -23 - (-2 - (11 + -20 + -11 + 20 - -9))?
-12
Evaluate (245 - 273) + (-6 - -7 - -54).
27
6 + (-37 + 0 - (825 + -815))
-41
((12 - (28 + -16)) + -15 - 1) + 31
15
-6934 - -7074 - (0 - (1 + -41))
100
(-3 - ((-328 - -344) + (2 - (-2 - -12)))) + 19
8
Calculate 4 - (9 + (-9 - -6) - (13 + -11 - 3)).
-3
28 + -13 - (-44 + (12 - 12))
59
Evaluate -154 - -411 - 91 - 73.
93
Calculate (18 - 12) + (-2 - 5) + -49 + -3.
-53
Evaluate 46 + -5 - ((94 - 71) + 0 + -11).
29
What is the value of -21 + 18 + -8 + (583 - 591)?
-19
Evaluate 2 + -1 + (-217 + 248 - (19 + -1)).
14
What is 3 - -55 - (533 - 545)?
70
Evaluate -6 + -1 + 4 + (50 - -53 - 58).
42
Evaluate -51 + (4 - -52) + (2 + -8 + 1 - 0).
0
What is the value of -7 - 229 - -324 - (0 - -12)?
76
What is the value of -6 + 60 + 1 + (-7 - 25)?
23
What is the value of (44 - 23) + -7 + 28 + -19?
23
What is 24 + 5 + -25 + 12 + -27 - 82?
-93
99 + 38 + -6 + -25 + 0 + -6
100
Evaluate -51 + (52 - (30 - -15)).
-44
Evaluate 100 - (0 - 17 - -4 - (-249 - -238)).
102
Evaluate 9329 + -9330 + (0 - 58).
-59
2 + -1 - 51 - (1773 - 1773)
-50
What is 83 - ((5 - 1) + (-5 - 0) + -3)?
87
(-20 + 98 - 150) + -12 + -2 + 4
-82
Calculate -38 - 22 - 24 - (12 + (5 - (12 - 5))).
-94
(-3 - -3) + -30 + (-19 - -46)
-3
Evaluate 9 + 11 + -1 + -37 + 26.
8
What is -107 + (122 - (-63 + 37))?
41
Evaluate -4 + (-2 - 0 - -27) + 454 + -443.
32
Evaluate (8 - -1 - (15 - 9)) + (213 - 160).
56
What is (43 - 8) + -23 + 16?
28
What is the value of -42 - -3 - (1520 - 1611)?
52
What is the value of (-32 - -23) + (19 - (15 - 3)) + 15?
13
Calculate (494 - 519) + (56 - -5).
36
Calculate (-2 - (-10 + 22)) + 3 - 27.
-38
What is the value of 2 - 50 - (-11 + (65 + -55 - (0 + 0)))?
-47
Evaluate 53 - (-73 + 94) - 40.
-8
What is 210 + -77 + 6 - 72?
67
What is the value of 14 + -29 + 35 + (0 - 123 - -1)?
-102
-18 + (-1 - 6 - -2) + -8
-31
What is the value of -14 - ((-6 - -2) + -5 + -7 + -8 + 18)?
-8
What is the value of -22 + -18 + (54 - 0) + 47?
61
1 + -11 - (-1222 + 1222) - 44
-54
What is the value of -11 + 29 - ((-23 - -19) + 45)?
-23
-75 + (-8 - (-37 + 9 - (-12 - -7)))
-60
(0 - (-6 - 9)) + 18
33
What is 3 + -1 + (-15 - -1) + (-4 - -21) + -8?
-3
Evaluate (8 - -12) + 7 - 53 - -3.
-23
7 - (-1 + 24 + (-8 - (-16 - (5 - 14))))
-15
(-2113 - -2090) + (30 - -1)
8
What is the value of -54 + -8 + -3 - -9?
-56
Evaluate 125 - 83 - (18 + (11 - 6)).
19
What is the value of -33 + 10 + -28 - -26?
-25
What is the value of -75 - (88 - (126 - 28))?
-65
Calculate 26 + -27 + -22 + 23 - (1 - (1 + 41)).
41
-4 + 5 + (26 - (24 + -16 - -9)) - -86
96
What is -41 - (-152 + 114) - (-38 + -1)?
36
What is (107 + -99 - -11) + (-28 - 1)?
-10
Calculate -2 + 0 + -1 + (-47 - (3 + -9 - -17)).
-61
What is 8 + 3 - (-4 + (5 - -4) + 1)?
5
Calculate (719 - 722) + (-20 - 1) + -1.
-25
What is the value of (-63 - -89) + -23 + 10 + -2 + (-2 - 65)?
-56
What is -50 + 104 + -71 + -49?
-66
Calculate 6 + -4 + -20 + 200 + -113.
69
What is the value of 75 + -33 + -27 - 31?
-16
What is the value of 6 + (-39 - (-149 + 14)) - -2?
104
Calculate (-49 - -71) + -18 + -1 + -3 + (2 - 0).
2
-19 - (26 + 17 + -38) - (-2 - 2)
-20
-2 + -36 + (574 - 542) + 48
42
Calculate 109 + -178 + 8 + -12 + 4 + -1 + 0.
-70
Evaluate (93 - 293) + 136 + (-13 - 1 - -1).
-77
Evaluate (2 - 10) + 10 + (6 + -35 - -17) + 53.
43
What is -1 - 21 - (-83 - (-14 - 16))?
31
What is the value of -8 - ((-46 + 2 - 0) + -168 + 151)?
53
(-11 - (-40 - -45 - -1)) + -92
-109
-1 + -21 - (73 + -88) - (31 - (-1 - 0))
-39
What is 5 + (-9 + 1 + -25 + (67 - 32) - 7)?
0
What is 25 + 3 + -5 - (60 + (-47 - -124))?
-114
What is (1 - 12) + -31 + 56 + -30?
-16
Evaluate -2 + -9 - -2 - (1458 - 1480) - -20.
33
What is 20 + -3 - 74 - -166?
109
Calculate -216 + (-74 - -143) - -128.
-19
What is -254 - -340 - 110 - (21 - 1)?
-44
What is the value of 20 + -44 + 5 + (-10 - -35)?
6
What is 1 + 31 + -39 + (0 - 1) + 2 + 6?
0
Calculate 11 + (17 - 16) + 5 + -1.
16
Evaluate 42 - (-55 - (38 + 23 + -36)).
122
Evaluate 11 - (-19 - 14) - (1 - (2 - -10)).
55
Evaluate (-7 - 1) + 12 + (-11 + 18 - -1) + -14.
-2
Evaluate 98 - (42 + (-2 - 36 - -11)).
83
Evaluate -22 + -8 + 19 + 15 - (-54 - 6).
64
Calculate (-32 - -34) + (-19 - -13 - ((0 - -3) + -39)).
32
What is (-116 - -115) + -124 + 91?
-34
(-28 - -31) + 14 + (-7 - -9)
19
Evaluate 42 + (-50 - -32) - (-4 + 5 - 3).
26
What is the value of (-69 - -24